d by 55.
52
What is the remainder when 13997443 is divided by 7674?
67
Calculate the remainder when 1214182 is divided by 650.
632
Calculate the remainder when 1252566 is divided by 57.
48
Calculate the remainder when 1855827 is divided by 83.
30
What is the remainder when 3389255 is divided by 29471?
90
What is the remainder when 17820956 is divided by 20?
16
What is the remainder when 1070934 is divided by 1186?
1162
Calculate the remainder when 1110134 is divided by 608.
534
Calculate the remainder when 127866 is divided by 1558.
110
Calculate the remainder when 405182734 is divided by 168.
166
What is the remainder when 7951568 is divided by 139?
73
What is the remainder when 2106021 is divided by 813?
351
What is the remainder when 144303734 is divided by 3288?
3278
What is the remainder when 1562058 is divided by 351?
108
What is the remainder when 116310 is divided by 611?
220
What is the remainder when 174164 is divided by 173735?
429
What is the remainder when 181305 is divided by 181239?
66
Calculate the remainder when 62705806 is divided by 293.
290
What is the remainder when 651737 is divided by 8252?
8081
Calculate the remainder when 308426 is divided by 427.
132
Calculate the remainder when 3465393 is divided by 396.
393
What is the remainder when 792913 is divided by 347?
18
What is the remainder when 418927 is divided by 580?
167
What is the remainder when 565314 is divided by 3940?
1894
What is the remainder when 173635 is divided by 88?
11
What is the remainder when 10794532 is divided by 899544?
4
What is the remainder when 4068748 is divided by 26?
8
Calculate the remainder when 1077 is divided by 819.
258
Calculate the remainder when 18226163 is divided by 96.
83
What is the remainder when 9046096 is divided by 452?
220
Calculate the remainder when 1297834 is divided by 67.
44
What is the remainder when 3834106 is divided by 747?
502
What is the remainder when 59666210 is divided by 59666178?
32
Calculate the remainder when 160926 is divided by 32155.
151
Calculate the remainder when 30566 is divided by 5043.
308
What is the remainder when 296059 is divided by 1178?
381
Calculate the remainder when 2608234 is divided by 1212.
10
Calculate the remainder when 8566909 is divided by 1230.
1189
What is the remainder when 161388440 is divided by 1998?
1988
Calculate the remainder when 25379468 is divided by 1057477.
20
What is the remainder when 29265904 is divided by 443?
438
Calculate the remainder when 73887 is divided by 36796.
295
Calculate the remainder when 7778671 is divided by 136465.
166
What is the remainder when 594138 is divided by 1803?
951
What is the remainder when 188403161 is divided by 54673?
3
What is the remainder when 170326 is divided by 21288?
22
Calculate the remainder when 9018702 is divided by 6874.
14
What is the remainder when 38942 is divided by 1988?
1170
Calculate the remainder when 101792594 is divided by 1007.
1006
Calculate the remainder when 5380069 is divided by 2689796.
477
What is the remainder when 77017527 is divided by 642?
639
Calculate the remainder when 8030182 is divided by 7.
6
Calculate the remainder when 123416296 is divided by 70.
66
What is the remainder when 45890046 is divided by 13?
7
What is the remainder when 79231456 is divided by 58?
34
What is the remainder when 37420 is divided by 5199?
1027
What is the remainder when 1452106 is divided by 726044?
18
What is the remainder when 32904 is divided by 336?
312
Calculate the remainder when 63199007 is divided by 179034.
5
Calculate the remainder when 29206 is divided by 1629.
1513
What is the remainder when 248492 is divided by 19106?
114
What is the remainder when 38759 is divided by 652?
291
Calculate the remainder when 21827567 is divided by 32.
15
Calculate the remainder when 4384955 is divided by 56947.
36
What is the remainder when 30018595 is divided by 1377?
1372
Calculate the remainder when 111175 is divided by 55554.
67
Calculate the remainder when 60103210 is divided by 3217.
3216
Calculate the remainder when 2826647 is divided by 217430.
57
Calculate the remainder when 413489 is divided by 137690.
419
Calculate the remainder when 430970 is divided by 562.
478
What is the remainder when 21163064 is divided by 16?
8
What is the remainder when 725150736 is divided by 2271?
2268
What is the remainder when 5187647 is divided by 2593807?
33
Calculate the remainder when 696009 is divided by 77331.
30
Calculate the remainder when 1590308 is divided by 795136.
36
Calculate the remainder when 75344527 is divided by 541.
539
Calculate the remainder when 110680 is divided by 1847.
1707
Calculate the remainder when 542114 is divided by 157.
150
What is the remainder when 57909 is divided by 11564?
89
Calculate the remainder when 48692493 is divided by 1883.
1879
What is the remainder when 14818097 is divided by 1291?
1290
What is the remainder when 6170485 is divided by 320?
245
Calculate the remainder when 5124216 is divided by 2562075.
66
What is the remainder when 248872 is divided by 124409?
54
What is the remainder when 56819 is divided by 56636?
183
Calculate the remainder when 7547695 is divided by 1249.
1237
What is the remainder when 310071 is divided by 6453?
327
Calculate the remainder when 233254691 is divided by 6.
5
What is the remainder when 204835 is divided by 104?
59
What is the remainder when 2369110 is divided by 556?
550
What is the remainder when 5348 is divided by 93?
47
Calculate the remainder when 530821 is divided by 26.
5
Calculate the remainder when 4764273 is divided by 181.
172
Calculate the remainder when 24998 is divided by 24795.
203
Calculate the remainder when 6525946 is divided by 2819.
2780
Calculate the remainder when 534730 is divided by 21389.
5
Calculate the remainder when 4271764 is divided by 753.
748
Calculate the remainder when 345705862 is divided by 42.
40
Calculate the remainder when 2790994 is divided by 553.
3
Calculate the remainder when 8183741 is divided by 2821.
20
Calculate the remainder when 226150081 is divided by 181.
174
What is the remainder when 609297 is divided by 67698?
15
What is the remainder when 145524 is divided by 2172?
0
Calculate the remainder when 253622 is divided by 2051.
1349
What is the remainder when 1993278 is divided by 39?
27
Calculate the remainder when 381136 is divided by 27220.
56
What is the remainder when 113578 is divided by 18753?
1060
What is the remainder when 548304002 is divided by 31?
27
What is the remainder when 741512 is divided by 370470?
572
What is the remainder when 117230869 is divided by 96?
85
What is the remainder when 3764286 is divided by 1882044?
198
What is the remainder when 42881568 is divided by 1274?
2
What is the remainder when 1013629667 is divided by 559?
557
What is the remainder when 7158313 is divided by 107?
13
What is the remainder when 1077403 is divided by 196?
187
Calculate the remainder when 10730011 is divided by 104.
19
What is the remainder when 13953571 is divided by 859?
834
Calculate the remainder when 1767649 is divided by 154.
37
What is the remainder when 162019 is divided by 1376?
1027
Calculate the remainder when 32458094 is divided by 6100.
6094
What is the remainder when 8876165 is divided by 231?
221
What is the remainder when 827202 is divided by 103335?
522
Calculate the remainder when 1502667 is divided by 1502519.
148
What is the remainder when 2415 is divided by 2199?
216
What is the remainder when 1504633 is divided by 633?
625
Calculate the remainder when 57004 is divided by 10961.
2199
What is the remainder when 4127 is divided by 798?
137
What is the remainder when 374715 is divided by 187262?
191
Calculate the remainder when 46504 is divided by 9299.
9
What is the remainder when 4732100 is divided by 395?
0
What is the remainder when 187767 is divided by 956?
391
Calculate the remainder when 15784672 is divided by 7892325.
22
Calculate the remainder when 8174441 is divided by 455.
366
What is the remainder when 1362006 is divided by 48643?
2
What is the remainder when 2052221 is divided by 21156?
89
What is the remainder when 26396885 is divided by 31?
13
Calculate the remainder when 13740449 is divided by 279.
257
Calculate the remainder when 4028814 is divided by 489.
432
C